 + 2*b**2 + 13*b - 28. Let p be t(3). Let o = 420 + p. What is m(o)?
-10
Let d = 64 - 44. Suppose -k - 3*k = d. Let x(h) = -260*h**2 + 543*h**2 - 7*h - 285*h**2. What is x(k)?
-15
Let b(q) be the second derivative of -1/10*q**5 - 2/3*q**3 - 3*q + q**2 + 1/3*q**4 - 24. Calculate b(2).
-6
Let f = -347 + 350. Suppose 3*t - 51 = f*a, a - 2*t - 5 = 2*a. Let q(p) = -p**2 - 14*p - 15. Determine q(a).
-2
Let n(d) = d**3 + d**2 - d + 2. Let y be (-6)/(4 + -2) - (1 + -3). Let p(i) = 7*i**2 + 5*i + 11. Let l(k) = y*n(k) + p(k). Give l(7).
2
Suppose -1965 = 21*o - 1671. Let q(w) = -w**2 - 16*w. Determine q(o).
28
Let c = -100 - -101. Suppose -8*a + c = 49. Let t(p) = 14*p**2 - 7*p**2 - 8 - 9*p**2 - 10*p. Give t(a).
-20
Let x(y) = -7*y**2 - 86*y + 147. Let i(n) = -2*n**2 - 7*n + 5. Let a(s) = 3*i(s) - x(s). Give a(2).
2
Let r(x) = x**2 - 5*x. Let v(y) = 11*y**2 - 44*y - 4. Let j(t) = -6*r(t) + v(t). Suppose -2*g - 2*g = q + 9, 4*q - 18 = 2*g. What is j(q)?
-1
Let w = -19396 - -19392. Suppose 4*a = -2*d + 26, -3*d + 10 = a - 9. Let u(x) = 0*x - 1 + 4*x + x**2 + a. What is u(w)?
3
Let g(s) = s**2 + 8*s + 6. Let j = -143 - -136. Let a be g(j). Let p(d) = -4*d + 1. What is p(a)?
5
Let u(l) = l**3 + 10*l**2 + 29*l + 9. Let j be u(-4). Let r(t) = t**2 + 10*t + 7. Determine r(j).
18
Let u(p) be the first derivative of 5*p**2/2 - 10*p - 647. What is u(4)?
10
Let u = -4 - -7. Let p(n) be the third derivative of 7*n**4/24 + 2*n**3/3 + 367*n**2 - 5. What is p(u)?
25
Let u(b) = -b**3 + 2*b**2 + 2*b + 3. Let g(x) = -10*x**2 - x - 3. Let z be g(3). Let h = 2 - z. Suppose 100*a - 6 = h*a. Calculate u(a).
0
Let q(v) = -5*v**3 + 7*v**2 - v - 6. Let k be q(-1). Let i(c) = -c**3 + 7*c**2 - c - 11. Give i(k).
-18
Let c = 198 + -196. Let s(k) = 7*k + k**c - 2*k - 22 + 27. Determine s(-5).
5
Let b(r) = -74*r - 1100. Let z be b(-15). Let q(n) = 4*n - 16. What is q(z)?
24
Let o(j) be the second derivative of -5*j**3/3 + 9*j**2/2 + 14*j. Let m be o(1). Let a(k) = -3*k**3 - k**2 - k - 1. What is a(m)?
2
Let h(o) = -2*o**2 + 10*o + 1. Let z be h(4). Let q(r) = -r + 2. Let f be q(z). Let j(t) = -t**2 - 7*t - 1. Give j(f).
-1
Suppose 48*u - 3 = 49*u - q, -2*u + 1 = 5*q. Let d(l) = -42*l - 80. Calculate d(u).
4
Let d = -977 + 976. Let z(s) = 8*s + 4. Let t(w) be the third derivative of -w**4/24 - w**3/6 + 4*w**2. Let n(o) = -5*t(o) - z(o). Give n(d).
4
Let o(a) = 22*a - 6 - 13*a + 14 - 4*a + 46. Give o(-10).
4
Let r(q) be the first derivative of 14*q**2 - 97*q + 3746. Calculate r(4).
15
Let m(r) be the first derivative of r**4/4 + r**3 - 3*r**2 - r - 41. Suppose -5*t = -3*t - n + 7, 0 = -3*n - 3. Calculate m(t).
7
Let j(g) = 12*g**2 + 27*g + 53. Let y(p) = 17*p**2 + 40*p + 81. Let n(o) = 7*j(o) - 5*y(o). Determine n(-4).
-6
Let y(q) = -367*q + 748. Let k be y(2). Let c(z) = z - 8. What is c(k)?
6
Let h be 3*7/((-21)/(-8)). Suppose -h*l = -l - 21. Let n(s) = -2*s + 0*s**l - 4*s**2 - s + 0*s**2 + s**3 - 1. Give n(5).
9
Let t(i) be the third derivative of -i**5/30 + i**4/12 + 16*i**3/3 + 3*i**2 + 311*i. Determine t(6).
-28
Let j(u) = -173*u - 73*u**2 + 175*u + 31*u**2 + 27*u**2 + 23 + 14*u**2. Give j(5).
8
Let z(t) = 11 + 3*t + 6*t - 7*t + 0*t. Let f(v) = 5*v + 32. Let u(j) = -6*f(j) + 17*z(j). What is u(-4)?
-21
Suppose 5*v + 4*j = 63, 950*v - 23 = 947*v + 5*j. Let n(z) = 14*z - 147. Determine n(v).
7
Let m(y) be the second derivative of 13*y**3/2 - 5*y**2 - 5*y. Let f be m(5). Let j be f/(-30) - 2/(-12). Let p(q) = q - 1. What is p(j)?
-7
Let o(p) be the second derivative of p**5/60 + 5*p**4/12 - 5*p**3/2 - 173*p**2/2 + 196*p. Let g(v) be the first derivative of o(v). What is g(-11)?
-4
Let h be 28/2 - 784/56. Let i(a) = a**3 - a**2 - 6. Determine i(h).
-6
Let x(p) = p - 1. Let c(r) = 9*r - 3. Let l be c(2). Suppose l*k = -67 + 7. What is x(k)?
-5
Let y(c) = -c + 1. Let k = 2 - 3. Let d(z) be the first derivative of -10*z**3/3 - 2*z**2 + 3*z - 1203. Let j(u) = k*d(u) + 4*y(u). Determine j(-1).
11
Suppose 2940 = -65*g + 72*g. Let n = g + -424. Let v(j) be the second derivative of -j**5/20 - j**4/3 - 2*j**3/3 - j. Determine v(n).
16
Let r(v) be the first derivative of -v**2 + 21*v - 5570. Calculate r(-9).
39
Let c be (5 - 0)*952/(-280). Let m(x) = x + 23. Determine m(c).
6
Let a = -10 + -117. Let b = -128 - a. Let l(f) = 17*f**3 + 4*f**2 + 2*f - 1. Let c(g) = g**3 - g**2 - g. Let h(k) = 4*c(k) + l(k). Give h(b).
-20
Suppose 3*n = -5*y - 127, 0 = 3*n + 8 + 4. Let a be 8/(-2)*1 - y. Let z(i) = 9*i + a*i**2 - 11*i**2 - 10*i - 1. Calculate z(-1).
8
Let q(b) = -b**3 - 17*b**2 - 17*b + 40. Suppose -2*k + 3*n = 41, n + 91 - 30 = -4*k. Give q(k).
56
Let f(x) be the first derivative of x**3/3 - 5*x**2/2 - 5*x + 781. Suppose -4*s + 3*u = -2*u, 0 = 3*s - u. Suppose s = -4*d + 40 - 16. What is f(d)?
1
Let f(h) = -h**3 + 16*h**2 + 19*h + 27. Let g(z) = z**3 - 18*z**2 - 20*z - 27. Let n(w) = -2*f(w) - 3*g(w). Determine n(23).
4
Let i(y) = 47*y + 328. Suppose 35*z + 105*z + 550 = -430. Give i(z).
-1
Let b(w) = 4*w**3 - 21*w**2 - 43*w - 21. Let c(y) = 5*y**3 - 30*y**2 - 43*y - 22. Let h(p) = 6*b(p) - 5*c(p). Calculate h(22).
6
Let i(q) = -21*q**2 + 31*q. Let m be i(1). Let t(g) = -5*g + 28. Calculate t(m).
-22
Let l(a) = -a**3 - 15*a**2 - 14*a - 16. Let p be l(-14). Let h = p + 12. Let q(v) = -4*v - 10. Let r be q(h). Let t(k) = -k. Calculate t(r).
-6
Let i be (16/(-10))/((-17710)/(-525) - 34). Let q(k) = k**3 - 6*k**2 + 1. What is q(i)?
1
Let f(m) = m**3 - 11*m**2 + 4*m - 42. Let w be f(11). Let k(n) = n**2 - 6*n + 14. Let z be k(w). Let a(t) = t**3 - 7*t**2 + 5*t - 9. What is a(z)?
-15
Let j be 336/(-64)*60/(-45). Let u(s) be the first derivative of 30 + j*s + 1/2*s**2. Give u(-4).
3
Let a(b) be the first derivative of -29*b**2/2 - 6*b + 3870. Give a(0).
-6
Suppose -y + 7 = f, 4*f + 9*y - 32 = 7*y. Let c(h) = h + 3. Calculate c(f).
12
Let m(b) be the first derivative of -8*b + 9/2*b**2 + 7/3*b**3 - 1/4*b**4 - 68. Determine m(8).
0
Let z be (-1310)/786*(-9)/(-15). Let j(x) = 100*x. Calculate j(z).
-100
Let c(s) = -2*s - 15. Let n be -3 - -1 - 1/(-1) - 3. Let x be 4*n/8 - -1. Let p be ((-1)/x)/(49/10 - 5). What is c(p)?
5
Suppose -62 = 4*j - 2*v, -3*j + 6*v - 11*v - 79 = 0. Let b(m) = m**2 + 22*m + 53. Determine b(j).
-19
Let h(w) = 4*w - 22. Let l be h(8). Let i(k) = 12*k**2 - 12 + 8 + l*k + 7 - 11*k**2. Give i(-9).
-6
Suppose 4 = -2*u + 14. Suppose -12 = -4*c - 2*f, -u*c - 4*f + 4 = -11. Let w(t) = 4*t**3 - 4*t**2 + 0*t**2 + 0*t**3 - 4*t - c*t**3 + 1. Calculate w(4).
-15
Let w(v) = -6 - 1328*v - 223*v + 1552*v. Let i(u) = -u**3 + 7*u**2 - 4*u - 2. Let y be i(6). Calculate w(y).
4
Suppose -77*t + 72*t + 35 = -a, 0 = -2*a. Let q = 3 + -3. Let p(x) = 5 - 2*x + q - 1. What is p(t)?
-10
Let r(q) = q**3 + q**2 - 2*q - 1. Let w be r(-1). Let t(a) = a**3 + a. Let i(m) be the first derivative of -9*m**4/4 + 41. Let n(c) = w*t(c) + i(c). Give n(-1).
7
Let a(t) be the first derivative of -13 + 2/3*t**3 + 26*t - 1/20*t**5 - 3/2*t**2 - 1/12*t**4. Let z(n) be the first derivative of a(n). Give z(2).
-7
Suppose -76 = -4*m - 32. Let i(q) = -33734*q + 5 + 33733*q + 10. Determine i(m).
4
Let r(p) = p - 5. Let y(m) = -12*m**2 - 41*m + 5. Let o be y(-3). What is r(o)?
15
Let a = -88 - -107. Suppose -6*r = 13 - a. Let i(y) = -18*y**3 - 2*y**2 + y. What is i(r)?
-19
Suppose 0 = -13*x - 5 + 5. Let q(w) = 2*w**2 + w + 7 + x*w + 7*w - w. Determine q(-5).
22
Let m(r) be the first derivative of -r**3/3 - 2*r**2 + 20*r + 17. Let o(i) = 2*i - 7. Let p be o(0). Let h be m(p). Let j(f) = -3*f**2 - f - 1. Calculate j(h).
-3
Let w(y) = -11*y**3 + y**2 - 39*y + 28. Let v(t) = 7*t**3 - t**2 + 25*t - 18. Let n(r) = -8*v(r) - 5*w(r). Give n(3).
-11
Let t(a) be the second derivative of 7*a**3/2 - 81*a**2/2 - 1143*a. What is t(4)?
3
Suppose -24*m + 17*m = -14. Let b(y) = 6 - 4*y + 2 - 8 - 8 - 2 - 6*y**m + y**3. Give b(7).
11
Let o(a) = -a**3 - 5*a - 3*a**2 - 3*a**2 - a**2 + 6. Let m be 1797/14975 + 153/(-25). Determine o(m).
0
Let y(w) = -2*w**3 - 17*w**2 - 11*w + 7. Suppose 22*d = -42*d - 512. Determine y(d).
31
Let t(s) = -7*s**3 - 4*s**2 + 10*s - 7. Let h(f) = -3*f**3 + f**2 - 2. Let i(z) = -3*h(z) + t(z). What is i(4)?
55
Let h be ((-27)/6 - -4)*0. Suppose -5*i + 0*i - 25 = h. Let u(r) be the second derivative of -r**5/20 - 5*r**4/